at is the ten thousands digit of z(0)?
1
Let c(w) be the first derivative of 17*w**3/3 - w**2/2 + 6*w - 10. What is the units digit of c(-2)?
6
Suppose -2*b - 2630 = -u + 29806, 162180 = 5*u - b. What is the hundreds digit of u?
4
Let j(v) = 61 + 11*v**2 + 9*v + 5*v**2 + 2*v**2 + 4*v + 10*v. What is the hundreds digit of j(-6)?
5
Suppose -46 = -3*l + 2*l. Suppose 5*w + 246 = 8*w + 2*c, -c - 255 = -3*w. Let r = w - l. What is the units digit of r?
8
Suppose 3*l = 291 + 2229. Suppose -3*x = 9, -13*x - l = -3*m - 8*x. What is the hundreds digit of m?
2
Let u(o) = 7*o**2 - 5*o - 28. Let f be u(13). Suppose -4*h = -438 - f. What is the tens digit of h?
8
Let z be (1*-1)/(1/(-4)). Let k(j) = 16*j + 24*j**3 + 5*j**2 - 3 - z*j - 2*j**2 - 13*j. What is the units digit of k(2)?
9
Suppose -2*g + 8*g + 6 = 0, 5*s - 9462 = -3*g. What is the units digit of s?
3
Suppose 0 = 5*d - 4*a + 122, 0 = a + 4*a + 10. Let x be (-446)/d + 12/(-78). Suppose x*h = 1062 + 1165. What is the units digit of h?
1
Let d = -793 - -1228. Suppose 4*f + d = 5*o, o - 4*f = 3*o - 174. Suppose 6*q - o = 243. What is the units digit of q?
5
Suppose 4*i + 761 = g, 716 = 5*g - 4*g + 5*i. What is the hundreds digit of g?
7
What is the hundreds digit of (-13730)/(-40) + 6/(-24) - (-1 + 6)?
3
Let v = 299 - 420. Let n = -105 - v. What is the tens digit of n?
1
Suppose 134*c = 124*c + 143110. What is the thousands digit of c?
4
Let d be (-1)/((-5)/(-5)) - -4. Suppose d*i + a - 180 = -2*a, i - 5*a - 30 = 0. Suppose -35 = -3*r + i. What is the tens digit of r?
3
Suppose -42*l = -324043 - 886523. What is the units digit of l?
3
Let r = 46 - 80. What is the tens digit of 117*9/(-2)*r/51?
5
Let a = -11677 - -42476. What is the units digit of a?
9
Let y be (5*(-8)/60*18)/(-2). Suppose -4*v = 6*s - 2*s - 4, 2*v - 2*s = y. Suppose g - d = 257, -v*g + d = -6*g + 1028. What is the units digit of g?
7
Let w(n) = -2 + 4*n + 44*n**3 - 3*n - 123312*n**2 - 15*n**3 + 123313*n**2. Let i(m) = -m**3 - 3*m**2 + m + 4. Let l be i(-3). What is the tens digit of w(l)?
2
Suppose -4*t - 276 = -5*p, -3*t + 105 = 3*p - 66. Suppose 0 = -8*o + 9*o - p. Suppose -349 = -5*w + o. What is the tens digit of w?
8
Let s(l) = -7*l**2 + 6 - 2 + l**3 + 8. Let c be s(4). What is the tens digit of (-286)/(-12) + (-6)/c?
2
Let m = 20778 + -12318. What is the hundreds digit of m?
4
Suppose -b + 5*q + 14160 = 0, -32 = -q - 28. What is the units digit of b?
0
Let j = 232 - 143. Let d = j + -64. Suppose 2*p - y = -2*p + 157, 5*y = -d. What is the units digit of p?
8
Let z = -304 + 356. Let y = z - -12. What is the units digit of y?
4
Let b be 6 + (-6 - -11) + -5. Let p(o) = 40*o**2 + 3*o - 35. What is the units digit of p(b)?
3
Let z = 58124 + -35064. What is the hundreds digit of z?
0
Suppose -121*h = -107*h - 703178. What is the hundreds digit of h?
2
Suppose 16*h + 150 = 19*h. Let d = -48 + h. Suppose -2*q - 4*u = d*q - 188, 4*q = -2*u + 198. What is the units digit of q?
2
Let k(l) = 4010*l**2 + 408*l - 409. What is the tens digit of k(1)?
0
Let b be (8/(-12))/(2/(-72)). Suppose 14*z - b = 17*z. What is the units digit of (-39)/(-2) - (-4)/z?
9
Let f(h) = 13*h**2 - 572*h - 281. What is the hundreds digit of f(55)?
5
Suppose -58280*l = -58265*l - 46200. What is the hundreds digit of l?
0
Let r be (-1)/2 + 233/(-2). Let k be ((-4)/(-5))/(1 + r/135). What is the units digit of (0/k - -3) + 378/2?
2
Let x be -2*(-7)/(-7)*(-1108)/8. Suppose -2*u + 429 = -1055. Suppose -5*m + u - x = 0. What is the tens digit of m?
9
Let s = 22092 + -17649. What is the hundreds digit of s?
4
Let l be 3 + 15/5 + -1. Let t(f) = l - 108*f + 33*f + 21*f - 4. What is the units digit of t(-1)?
5
Let h = 1 + -1. Suppose -4*w + 1048 = 3*s, 3*s + 3*w - 356 - 694 = h. Suppose 0 = 5*u - m - 775, -4*u + 4*m + s = -284. What is the tens digit of u?
5
Suppose -9723 + 30978 = 4*l + s, 0 = -l + 5*s + 5340. What is the thousands digit of l?
5
Suppose -10*a + 85 = 45. Let l = -44 + 24. What is the tens digit of ((-372)/15)/(a/l)?
2
Let o(z) = z**3 - 4*z**2 + 41*z - 60. Let q be o(16). Suppose -10*p = -6*p - 4*l - 3660, 4*p - 2*l = q. What is the hundreds digit of p?
9
Let j = -53 - -38. What is the tens digit of 14 + j - (-341 - 1)?
4
Let c = -68 + 48. Let g be 14/4*c/(-14). What is the units digit of -8 - -4 - -2*g?
6
Let s(k) be the second derivative of 203*k**4/12 - 4*k**3/3 + 7*k**2/2 + 23*k + 1. What is the tens digit of s(2)?
0
Let i(u) = 4*u - 27. Let r be i(12). Let s = r + -5. What is the tens digit of 2 - s/12 - 434/(-6)?
7
Suppose -946 - 828 = -3*n - 5*w, 563 = n - 4*w. Let c = n + -302. What is the tens digit of c?
8
Suppose 125 + 105 = -23*m. Let j(c) = 6*c**2 + 39*c + 5. What is the hundreds digit of j(m)?
2
Suppose 5*j - 51 = 44. Suppose 23*m + 40 = j*m. What is the tens digit of -2 + (-4)/10 + (-1074)/m?
0
Let i = -94 - -97. Let p be (-3)/(3282/(-1096) + i). Let a = -361 - p. What is the tens digit of a?
8
Let s(p) = 2*p + 2. Let i be s(0). Suppose -d + i*r = 122, -5*d - 429 = -2*r + 141. Let g = d - -194. What is the units digit of g?
2
Let c = 312 - 309. Suppose c*l = f + 1222 - 255, 2*l - 5*f - 662 = 0. What is the units digit of l?
1
Let f be -14 + 8 + (-4)/(-1). Let w be -4 - (13*f - 2). Suppose -u = 1 - w. What is the tens digit of u?
2
Let c(s) = 5*s**3 - s**2 + s - 1. Suppose 2*w = 3*l - 13, 2*l + 3*l = -w + 26. Let m be c(w). What is the units digit of (-16)/4 + 268/m?
3
Suppose -160966 = -24*l + 116666. Suppose -l = -30*s + 18*s. What is the units digit of s?
4
What is the tens digit of (-4)/(-6)*12 - (-15925)/(-28 + 41)?
3
Let c(b) be the first derivative of -b**3/3 + 19*b**2 - 14*b + 43. What is the tens digit of c(34)?
2
Suppose -15*q = -23*q + 96. Let i be (-504)/(-51) + (-8)/(-68). Let d = q - i. What is the units digit of d?
2
Suppose 16*f = 12*f + 12. Suppose f*d - 8 = d. What is the units digit of 9/(d + 436/(-112))?
4
What is the ten thousands digit of (-7)/21 - 56/12 - -10521?
1
Suppose 2*w - 1623 = w + 3*x, -x = -4*w + 6536. Suppose 438*t = 433*t + w. What is the hundreds digit of t?
3
Suppose 2058 = 24*k - 30*k. What is the tens digit of (0 - k) + (-2 - (9 + -10))?
4
Suppose 116*a + 78939 = 125*a. What is the thousands digit of a?
8
Let z(a) be the third derivative of -a**6/120 + a**5/15 + a**4/24 - a**3/6 - 34*a**2. Let l be z(4). Suppose -37 + 634 = l*g. What is the units digit of g?
9
Suppose 3*l + 1501 = 11*z - 9*z, 3*z - 2262 = l. Suppose i + 743 = 2*w, w - 3*i = 3*w - z. What is the tens digit of w?
7
Suppose 134*y + 4 = 130*y. Let i be y/((1146/381 + -3)/(-1)). Let b = -29 + i. What is the tens digit of b?
9
Let u = 2513 - 1146. Suppose 17*v + 571 = -u. What is the hundreds digit of 2 + (-1 - (2 + v)) + 1?
1
Let y = -18110 + 26133. What is the units digit of y?
3
Suppose 2*h - 16632 = -4*k, -7*k + 2*h + 12460 = -4*k. What is the tens digit of k?
5
Let y(m) = 1019*m - 2442. What is the units digit of y(3)?
5
Suppose 0 = 9*n - 10*n + 1031. Let o = n - 612. What is the tens digit of o?
1
Let p(b) = 2*b**3 + 103*b**2 + 24*b + 42. What is the units digit of p(-44)?
6
Let c be (-11 - -5) + 37 + -6. Suppose c*i = -12*i + 38998. What is the units digit of i?
4
Suppose -19286 = 60*g - 58076 - 22710. What is the hundreds digit of g?
0
Suppose -3*t - 16 = -5*h + 6, 0 = -2*h - 5*t - 16. Suppose 11 - 607 = -h*f. What is the units digit of f?
8
Suppose -359 = -o + n + 74, -5*o - 2*n + 2186 = 0. Suppose -o = -68*g + 67*g. What is the hundreds digit of g?
4
Let v = 1814 + -267. Suppose v = 25*u - 18*u. What is the units digit of u?
1
Suppose -3*m + 7*n = -17750, -15*m - 2*n - 17770 = -18*m. What is the tens digit of m?
2
Let j(o) = -3*o - 10. Let d be j(-7). Suppose -4*y = 3*y - 322. Let x = d + y. What is the tens digit of x?
5
Let m be 1655*11/165 + (-2)/(-3). Suppose 2*p - 255 - m = 0. What is the units digit of p?
3
Let j be (410/6)/((-8)/(-96)). Suppose 5*l - 4370 + j = 0. What is the units digit of l?
0
Let b be 6320/72 - (-4)/18. Let j = b - -126. What is the tens digit of j?
1
Let w(h) = -1415*h**3 + 23*h**2 + 7*h + 19. What is the units digit of w(-2)?
7
Let s = 6944 + -3889. What is the tens digit of s?
5
Suppose 0 = 3*i - 5*p - 30 + 3, 29 = 5*i - 3*p. Suppose 0*k + 1378 = x + 2*k, i*x = 5*k + 5447. What is the hundreds digit of 